{"id":290,"date":"2017-09-13T06:26:45","date_gmt":"2017-09-13T06:26:45","guid":{"rendered":"http:\/\/cirque24.fr\/?page_id=290"},"modified":"2024-12-12T16:04:07","modified_gmt":"2024-12-12T16:04:07","slug":"plan-du-site-de-lecole-du-cirque-de-perigueux-boulazac","status":"publish","type":"page","link":"https:\/\/cirque24.fr\/?page_id=290","title":{"rendered":"Plan du site"},"content":{"rendered":"<p><span style=\"font-family: arial,helvetica,sans-serif;\"><img data-recalc-dims=\"1\" decoding=\"async\" data-attachment-id=\"257\" data-permalink=\"https:\/\/cirque24.fr\/?attachment_id=257\" data-orig-file=\"https:\/\/i0.wp.com\/cirque24.fr\/wp-content\/uploads\/2017\/09\/cirquedeperigueux.png?fit=512%2C512&amp;ssl=1\" data-orig-size=\"512,512\" data-comments-opened=\"0\" data-image-meta=\"{&quot;aperture&quot;:&quot;0&quot;,&quot;credit&quot;:&quot;&quot;,&quot;camera&quot;:&quot;&quot;,&quot;caption&quot;:&quot;&quot;,&quot;created_timestamp&quot;:&quot;0&quot;,&quot;copyright&quot;:&quot;&quot;,&quot;focal_length&quot;:&quot;0&quot;,&quot;iso&quot;:&quot;0&quot;,&quot;shutter_speed&quot;:&quot;0&quot;,&quot;title&quot;:&quot;&quot;,&quot;orientation&quot;:&quot;0&quot;}\" data-image-title=\"cirquedeperigueux\" data-image-description=\"\" data-image-caption=\"\" data-medium-file=\"https:\/\/i0.wp.com\/cirque24.fr\/wp-content\/uploads\/2017\/09\/cirquedeperigueux.png?fit=300%2C300&amp;ssl=1\" data-large-file=\"https:\/\/i0.wp.com\/cirque24.fr\/wp-content\/uploads\/2017\/09\/cirquedeperigueux.png?fit=512%2C512&amp;ssl=1\" class=\"wp-image-257 alignleft lazyload\" data-src=\"https:\/\/i0.wp.com\/cirque24.fr\/wp-content\/uploads\/2017\/09\/cirquedeperigueux-300x300.png?resize=14%2C14\" alt=\"\" width=\"14\" height=\"14\" data-srcset=\"https:\/\/i0.wp.com\/cirque24.fr\/wp-content\/uploads\/2017\/09\/cirquedeperigueux.png?resize=300%2C300&amp;ssl=1 300w, https:\/\/i0.wp.com\/cirque24.fr\/wp-content\/uploads\/2017\/09\/cirquedeperigueux.png?resize=150%2C150&amp;ssl=1 150w, https:\/\/i0.wp.com\/cirque24.fr\/wp-content\/uploads\/2017\/09\/cirquedeperigueux.png?w=512&amp;ssl=1 512w\" data-sizes=\"(max-width: 14px) 100vw, 14px\" src=\"data:image\/svg+xml;base64,PHN2ZyB3aWR0aD0iMSIgaGVpZ2h0PSIxIiB4bWxucz0iaHR0cDovL3d3dy53My5vcmcvMjAwMC9zdmciPjwvc3ZnPg==\" style=\"--smush-placeholder-width: 14px; --smush-placeholder-aspect-ratio: 14\/14;\" \/><\/span>Sur cette page,<strong> le sommaire du site de l&rsquo;\u00e9cole du cirque<\/strong>:<\/p>\n<div class=\"wsp-container\"><h2 class=\"wsp-pages-title\">Pages<\/h2>\n<ul class=\"wsp-pages-list\">\n<li class=\"page_item page-item-45\"><a href=\"https:\/\/cirque24.fr\/\">Actualit\u00e9 de l&rsquo;\u00e9cole du cirque<\/a><\/li>\n<li class=\"page_item page-item-71\"><a href=\"https:\/\/cirque24.fr\/?page_id=71\">Contact<\/a><\/li>\n<li class=\"page_item page-item-1825\"><a href=\"https:\/\/cirque24.fr\/?page_id=1825\">\u00c9v\u00e9nements et spectacles<\/a><\/li>\n<li class=\"page_item page-item-100\"><a href=\"https:\/\/cirque24.fr\/?page_id=100\">Inscriptions<\/a><\/li>\n<li class=\"page_item page-item-30\"><a href=\"https:\/\/cirque24.fr\/?page_id=30\">L&rsquo;association<\/a><\/li>\n<li class=\"page_item page-item-26\"><a href=\"https:\/\/cirque24.fr\/?page_id=26\">L&rsquo;\u00e9cole<\/a><\/li>\n<li class=\"page_item page-item-20\"><a href=\"https:\/\/cirque24.fr\/?page_id=20\">Les cours<\/a><\/li>\n<li class=\"page_item page-item-33\"><a href=\"https:\/\/cirque24.fr\/?page_id=33\">Les scolaires<\/a><\/li>\n<li class=\"page_item page-item-36\"><a href=\"https:\/\/cirque24.fr\/?page_id=36\">Les stages<\/a><\/li>\n<li class=\"page_item page-item-1831\"><a href=\"https:\/\/cirque24.fr\/?page_id=1831\">partenaires<\/a><\/li>\n<li class=\"page_item page-item-290\"><a href=\"https:\/\/cirque24.fr\/?page_id=290\">Plan du site<\/a><\/li>\n<li class=\"page_item page-item-201\"><a href=\"https:\/\/cirque24.fr\/?page_id=201\">Presse et m\u00e9dias<\/a><\/li>\n<li class=\"page_item page-item-39\"><a href=\"https:\/\/cirque24.fr\/?page_id=39\">Prestations ext\u00e9rieures<\/a><\/li>\n<li class=\"page_item page-item-1869\"><a href=\"https:\/\/cirque24.fr\/?page_id=1869\">Qui sommes nous ?<\/a><\/li>\n<li class=\"page_item page-item-2080\"><a href=\"https:\/\/cirque24.fr\/?page_id=2080\">S\u00e9jours avec h\u00e9bergement \u00ab\u00a0Colocirque\u00a0\u00bb<\/a><\/li>\n<\/ul>\n<\/div>\n<div class=\"wsp-container\"><\/div>\n<div class=\"wsp-container\"><h2 class=\"wsp-posts-title\">Articles par cat\u00e9gorie<\/h2>\n<ul class=\"wsp-posts-list\">\n\t<li><strong class=\"wsp-category-title\">Cat\u00e9gorie\u00a0: <a href=\"https:\/\/cirque24.fr\/?cat=1\">Cirque<\/a><\/strong>\n<ul class=\"wsp-posts-list\">\t\t<li class=\"wsp-post\"><a href=\"https:\/\/cirque24.fr\/?p=140\">Le fil de fer<\/a><\/li>\n<\/ul><\/li>\n\t<li><strong class=\"wsp-category-title\">Cat\u00e9gorie\u00a0: <a href=\"https:\/\/cirque24.fr\/?cat=3\">Enseignements<\/a><\/strong>\n<\/li>\n<\/ul>\n<\/div>\n<p style=\"text-align: center;\"><span style=\"font-size: 12px;\">Plan du site de l&rsquo;\u00e9cole du cirque de P\u00e9rigueux &#8211; Boulazac <\/span><\/p>\n<p style=\"text-align: center;\">\u00a0 <script async src=\"\/\/pagead2.googlesyndication.com\/pagead\/js\/adsbygoogle.js\"><\/script>\r\n<!-- cirque image -->\r\n<ins class=\"adsbygoogle\"\r\n     style=\"display:inline-block;width:728px;height:90px\"\r\n     data-ad-client=\"ca-pub-2157879315290177\"\r\n     data-ad-slot=\"1086459048\"><\/ins>\r\n<script>\r\n(adsbygoogle = window.adsbygoogle || []).push({});\r\n<\/script>\n<div style='text-align:left' class='yasr-auto-insert-visitor'><!--Yasr Visitor Votes Shortcode--><div id='yasr_visitor_votes_93a6aacc664f4' class='yasr-visitor-votes'><div id='yasr-vv-second-row-container-93a6aacc664f4'\r\n                                        class='yasr-vv-second-row-container'><div id='yasr-visitor-votes-rater-93a6aacc664f4'\r\n                                      class='yasr-rater-stars-vv'\r\n                                      data-rater-postid='290'\r\n                                      data-rating='5'\r\n                                      data-rater-starsize='16'\r\n                                      data-rater-readonly='false'\r\n                                      data-rater-nonce='cd1bcf06e3'\r\n                                      data-issingular='false'\r\n                                    ><\/div><div class=\"yasr-vv-stats-text-container\" id=\"yasr-vv-stats-text-container-93a6aacc664f4\"><span id=\"yasr-vv-text-container-93a6aacc664f4\" class=\"yasr-vv-text-container\">   ...  <span id=\"yasr-vv-average-container-93a6aacc664f4\">5<\/span> \/ 5<\/span><\/div><div id='yasr-vv-loader-93a6aacc664f4' class='yasr-vv-container-loader'><\/div><\/div><div id='yasr-vv-bottom-container-93a6aacc664f4'\r\n                              class='yasr-vv-bottom-container'\r\n                              style='display:none'><\/div><\/div><!--End Yasr Visitor Votes Shortcode--><\/div>","protected":false},"excerpt":{"rendered":"<p>Sur cette page, le sommaire du site de l&rsquo;\u00e9cole du cirque: Plan du site de l&rsquo;\u00e9cole du cirque de P\u00e9rigueux &#8211; Boulazac \u00a0 &#8230; 5 \/ 5<\/p>\n","protected":false},"author":1,"featured_media":0,"parent":0,"menu_order":0,"comment_status":"closed","ping_status":"closed","template":"","meta":{"_uag_custom_page_level_css":"","jetpack_post_was_ever_published":false,"yasr_overall_rating":0,"yasr_post_is_review":"","yasr_auto_insert_disabled":"","yasr_review_type":"","footnotes":""},"class_list":["post-290","page","type-page","status-publish","hentry"],"yoast_head":"<!-- This site is optimized with the Yoast SEO plugin v26.6 - https:\/\/yoast.com\/wordpress\/plugins\/seo\/ -->\n<title>Plan du site - Ecole des arts du cirque de Boulazac - P\u00e9rigueux<\/title>\n<meta name=\"description\" content=\"Plan du site de l&#039;\u00e9cole de cirque \u00e0 P\u00e9rigueux. Toutes les pages dans ce sommaire\" \/>\n<meta name=\"robots\" content=\"index, follow, max-snippet:-1, max-image-preview:large, max-video-preview:-1\" \/>\n<link rel=\"canonical\" href=\"https:\/\/cirque24.fr\/?page_id=290\" \/>\n<meta property=\"og:locale\" content=\"fr_FR\" \/>\n<meta property=\"og:type\" content=\"article\" \/>\n<meta property=\"og:title\" content=\"Plan du site - Ecole des arts du cirque de Boulazac - P\u00e9rigueux\" \/>\n<meta property=\"og:description\" content=\"Plan du site de l&#039;\u00e9cole de cirque \u00e0 P\u00e9rigueux. Toutes les pages dans ce sommaire\" \/>\n<meta property=\"og:url\" content=\"https:\/\/cirque24.fr\/?page_id=290\" \/>\n<meta property=\"og:site_name\" content=\"Ecole des arts du cirque de Boulazac - P\u00e9rigueux\" \/>\n<meta property=\"article:publisher\" content=\"https:\/\/www.facebook.com\/Ecole-des-arts-du-cirque-de-Boulazac-450455762004946\/\" \/>\n<meta property=\"article:modified_time\" content=\"2024-12-12T16:04:07+00:00\" \/>\n<meta property=\"og:image\" content=\"http:\/\/cirque24.fr\/wp-content\/uploads\/2017\/09\/cirquedeperigueux-300x300.png\" \/>\n<meta name=\"twitter:card\" content=\"summary_large_image\" \/>\n<meta name=\"twitter:label1\" content=\"Dur\u00e9e de lecture estim\u00e9e\" \/>\n\t<meta name=\"twitter:data1\" content=\"1 minute\" \/>\n<script type=\"application\/ld+json\" class=\"yoast-schema-graph\">{\"@context\":\"https:\/\/schema.org\",\"@graph\":[{\"@type\":\"WebPage\",\"@id\":\"https:\/\/cirque24.fr\/?page_id=290\",\"url\":\"https:\/\/cirque24.fr\/?page_id=290\",\"name\":\"Plan du site - Ecole des arts du cirque de Boulazac - P\u00e9rigueux\",\"isPartOf\":{\"@id\":\"https:\/\/cirque24.fr\/#website\"},\"primaryImageOfPage\":{\"@id\":\"https:\/\/cirque24.fr\/?page_id=290#primaryimage\"},\"image\":{\"@id\":\"https:\/\/cirque24.fr\/?page_id=290#primaryimage\"},\"thumbnailUrl\":\"http:\/\/cirque24.fr\/wp-content\/uploads\/2017\/09\/cirquedeperigueux-300x300.png\",\"datePublished\":\"2017-09-13T06:26:45+00:00\",\"dateModified\":\"2024-12-12T16:04:07+00:00\",\"description\":\"Plan du site de l'\u00e9cole de cirque \u00e0 P\u00e9rigueux. Toutes les pages dans ce sommaire\",\"breadcrumb\":{\"@id\":\"https:\/\/cirque24.fr\/?page_id=290#breadcrumb\"},\"inLanguage\":\"fr-FR\",\"potentialAction\":[{\"@type\":\"ReadAction\",\"target\":[\"https:\/\/cirque24.fr\/?page_id=290\"]}]},{\"@type\":\"ImageObject\",\"inLanguage\":\"fr-FR\",\"@id\":\"https:\/\/cirque24.fr\/?page_id=290#primaryimage\",\"url\":\"http:\/\/cirque24.fr\/wp-content\/uploads\/2017\/09\/cirquedeperigueux-300x300.png\",\"contentUrl\":\"http:\/\/cirque24.fr\/wp-content\/uploads\/2017\/09\/cirquedeperigueux-300x300.png\"},{\"@type\":\"BreadcrumbList\",\"@id\":\"https:\/\/cirque24.fr\/?page_id=290#breadcrumb\",\"itemListElement\":[{\"@type\":\"ListItem\",\"position\":1,\"name\":\"Accueil\",\"item\":\"https:\/\/cirque24.fr\/\"},{\"@type\":\"ListItem\",\"position\":2,\"name\":\"Plan du site\"}]},{\"@type\":\"WebSite\",\"@id\":\"https:\/\/cirque24.fr\/#website\",\"url\":\"https:\/\/cirque24.fr\/\",\"name\":\"Ecole des arts du cirque de Boulazac - P\u00e9rigueux\",\"description\":\"Ecole de cirque, cours et stages - P\u00e9rigueux - Boulazac -  Dordogne - Futurs jongleurs, acrobates, fildef\u00e9ristes...  Bienvenue !\",\"publisher\":{\"@id\":\"https:\/\/cirque24.fr\/#organization\"},\"potentialAction\":[{\"@type\":\"SearchAction\",\"target\":{\"@type\":\"EntryPoint\",\"urlTemplate\":\"https:\/\/cirque24.fr\/?s={search_term_string}\"},\"query-input\":{\"@type\":\"PropertyValueSpecification\",\"valueRequired\":true,\"valueName\":\"search_term_string\"}}],\"inLanguage\":\"fr-FR\"},{\"@type\":\"Organization\",\"@id\":\"https:\/\/cirque24.fr\/#organization\",\"name\":\"Centre des arts du Cirque de P\u00e9rigueux - Boulazac\",\"url\":\"https:\/\/cirque24.fr\/\",\"logo\":{\"@type\":\"ImageObject\",\"inLanguage\":\"fr-FR\",\"@id\":\"https:\/\/cirque24.fr\/#\/schema\/logo\/image\/\",\"url\":\"https:\/\/i2.wp.com\/cirque24.fr\/wp-content\/uploads\/2017\/06\/cirque-boulazac.png?fit=591%2C591\",\"contentUrl\":\"https:\/\/i2.wp.com\/cirque24.fr\/wp-content\/uploads\/2017\/06\/cirque-boulazac.png?fit=591%2C591\",\"width\":591,\"height\":591,\"caption\":\"Centre des arts du Cirque de P\u00e9rigueux - Boulazac\"},\"image\":{\"@id\":\"https:\/\/cirque24.fr\/#\/schema\/logo\/image\/\"},\"sameAs\":[\"https:\/\/www.facebook.com\/Ecole-des-arts-du-cirque-de-Boulazac-450455762004946\/\"]},{\"@context\":\"https:\/\/schema.org\/\",\"@type\":\"Product\",\"name\":\"Plan du site\",\"description\":\"\",\"image\":{\"@type\":\"ImageObject\",\"url\":\"https:\/\/cirque24.fr\/wp-content\/uploads\/2026\/02\/cropped-Design-sans-titre-1.png\",\"width\":512,\"height\":512},\"aggregateRating\":{\"@type\":\"AggregateRating\",\"ratingValue\":5,\"ratingCount\":2,\"bestRating\":5,\"worstRating\":1},\"brand\":{\"@type\":\"Brand\",\"name\":\"\"},\"sku\":\"\",\"\":\"\"}]}<\/script>\n<!-- \/ Yoast SEO plugin. -->","yoast_head_json":{"title":"Plan du site - Ecole des arts du cirque de Boulazac - P\u00e9rigueux","description":"Plan du site de l'\u00e9cole de cirque \u00e0 P\u00e9rigueux. Toutes les pages dans ce sommaire","robots":{"index":"index","follow":"follow","max-snippet":"max-snippet:-1","max-image-preview":"max-image-preview:large","max-video-preview":"max-video-preview:-1"},"canonical":"https:\/\/cirque24.fr\/?page_id=290","og_locale":"fr_FR","og_type":"article","og_title":"Plan du site - Ecole des arts du cirque de Boulazac - P\u00e9rigueux","og_description":"Plan du site de l'\u00e9cole de cirque \u00e0 P\u00e9rigueux. Toutes les pages dans ce sommaire","og_url":"https:\/\/cirque24.fr\/?page_id=290","og_site_name":"Ecole des arts du cirque de Boulazac - P\u00e9rigueux","article_publisher":"https:\/\/www.facebook.com\/Ecole-des-arts-du-cirque-de-Boulazac-450455762004946\/","article_modified_time":"2024-12-12T16:04:07+00:00","og_image":[{"url":"http:\/\/cirque24.fr\/wp-content\/uploads\/2017\/09\/cirquedeperigueux-300x300.png","type":"","width":"","height":""}],"twitter_card":"summary_large_image","twitter_misc":{"Dur\u00e9e de lecture estim\u00e9e":"1 minute"},"schema":{"@context":"https:\/\/schema.org","@graph":[{"@type":"WebPage","@id":"https:\/\/cirque24.fr\/?page_id=290","url":"https:\/\/cirque24.fr\/?page_id=290","name":"Plan du site - Ecole des arts du cirque de Boulazac - P\u00e9rigueux","isPartOf":{"@id":"https:\/\/cirque24.fr\/#website"},"primaryImageOfPage":{"@id":"https:\/\/cirque24.fr\/?page_id=290#primaryimage"},"image":{"@id":"https:\/\/cirque24.fr\/?page_id=290#primaryimage"},"thumbnailUrl":"http:\/\/cirque24.fr\/wp-content\/uploads\/2017\/09\/cirquedeperigueux-300x300.png","datePublished":"2017-09-13T06:26:45+00:00","dateModified":"2024-12-12T16:04:07+00:00","description":"Plan du site de l'\u00e9cole de cirque \u00e0 P\u00e9rigueux. Toutes les pages dans ce sommaire","breadcrumb":{"@id":"https:\/\/cirque24.fr\/?page_id=290#breadcrumb"},"inLanguage":"fr-FR","potentialAction":[{"@type":"ReadAction","target":["https:\/\/cirque24.fr\/?page_id=290"]}]},{"@type":"ImageObject","inLanguage":"fr-FR","@id":"https:\/\/cirque24.fr\/?page_id=290#primaryimage","url":"http:\/\/cirque24.fr\/wp-content\/uploads\/2017\/09\/cirquedeperigueux-300x300.png","contentUrl":"http:\/\/cirque24.fr\/wp-content\/uploads\/2017\/09\/cirquedeperigueux-300x300.png"},{"@type":"BreadcrumbList","@id":"https:\/\/cirque24.fr\/?page_id=290#breadcrumb","itemListElement":[{"@type":"ListItem","position":1,"name":"Accueil","item":"https:\/\/cirque24.fr\/"},{"@type":"ListItem","position":2,"name":"Plan du site"}]},{"@type":"WebSite","@id":"https:\/\/cirque24.fr\/#website","url":"https:\/\/cirque24.fr\/","name":"Ecole des arts du cirque de Boulazac - P\u00e9rigueux","description":"Ecole de cirque, cours et stages - P\u00e9rigueux - Boulazac -  Dordogne - Futurs jongleurs, acrobates, fildef\u00e9ristes...  Bienvenue !","publisher":{"@id":"https:\/\/cirque24.fr\/#organization"},"potentialAction":[{"@type":"SearchAction","target":{"@type":"EntryPoint","urlTemplate":"https:\/\/cirque24.fr\/?s={search_term_string}"},"query-input":{"@type":"PropertyValueSpecification","valueRequired":true,"valueName":"search_term_string"}}],"inLanguage":"fr-FR"},{"@type":"Organization","@id":"https:\/\/cirque24.fr\/#organization","name":"Centre des arts du Cirque de P\u00e9rigueux - Boulazac","url":"https:\/\/cirque24.fr\/","logo":{"@type":"ImageObject","inLanguage":"fr-FR","@id":"https:\/\/cirque24.fr\/#\/schema\/logo\/image\/","url":"https:\/\/i2.wp.com\/cirque24.fr\/wp-content\/uploads\/2017\/06\/cirque-boulazac.png?fit=591%2C591","contentUrl":"https:\/\/i2.wp.com\/cirque24.fr\/wp-content\/uploads\/2017\/06\/cirque-boulazac.png?fit=591%2C591","width":591,"height":591,"caption":"Centre des arts du Cirque de P\u00e9rigueux - Boulazac"},"image":{"@id":"https:\/\/cirque24.fr\/#\/schema\/logo\/image\/"},"sameAs":["https:\/\/www.facebook.com\/Ecole-des-arts-du-cirque-de-Boulazac-450455762004946\/"]},{"@context":"https:\/\/schema.org\/","@type":"Product","name":"Plan du site","description":"","image":{"@type":"ImageObject","url":"https:\/\/cirque24.fr\/wp-content\/uploads\/2026\/02\/cropped-Design-sans-titre-1.png","width":512,"height":512},"aggregateRating":{"@type":"AggregateRating","ratingValue":5,"ratingCount":2,"bestRating":5,"worstRating":1},"brand":{"@type":"Brand","name":""},"sku":"","":""}]}},"yasr_visitor_votes":{"stars_attributes":{"read_only":false,"span_bottom":false},"number_of_votes":2,"sum_votes":10},"uagb_featured_image_src":{"full":false,"thumbnail":false,"medium":false,"medium_large":false,"large":false,"1536x1536":false,"2048x2048":false,"post-thumbnail":false,"iexcel-single-thumb":false},"uagb_author_info":{"display_name":"admin4641","author_link":"https:\/\/cirque24.fr\/?author=1"},"uagb_comment_info":0,"uagb_excerpt":"Sur cette page, le sommaire du site de l&rsquo;\u00e9cole du cirque: Plan du site de l&rsquo;\u00e9cole du cirque de P\u00e9rigueux &#8211; Boulazac \u00a0 ... 5 \/ 5","jetpack_shortlink":"https:\/\/wp.me\/P8Piee-4G","jetpack-related-posts":[{"id":45,"url":"https:\/\/cirque24.fr\/","url_meta":{"origin":290,"position":0},"title":"Actualit\u00e9 de l&rsquo;\u00e9cole du cirque","author":"admin4641","date":"09\/06\/2017","format":false,"excerpt":"Vacances d'avril 2026 \u00a0 Dossier vacances P\u00e2ques 2026 Ou remplissez le formulaire en ligne : Dossier vacances \u00e9t\u00e9 2026 Ou remplissez le formulaire en ligne : \u00a0Email : cirque24@hotmail.com \u00a0 \u00a0 Bienvenue \u00e0 l\u2019\u00e9cole des arts du cirque de Boulazac \/ P\u00e9rigueux ! Inscriptions Ann\u00e9e Scolaire 2025-2026 : Renseignements. :\u2026","rel":"","context":"Article similaire","block_context":{"text":"Article similaire","link":""},"img":{"alt_text":"","src":"https:\/\/i0.wp.com\/cirque24.fr\/wp-content\/uploads\/2026\/02\/1-212x300.png?resize=350%2C200&ssl=1","width":350,"height":200},"classes":[]},{"id":2080,"url":"https:\/\/cirque24.fr\/?page_id=2080","url_meta":{"origin":290,"position":1},"title":"S\u00e9jours avec h\u00e9bergement \u00ab\u00a0Colocirque\u00a0\u00bb","author":"admin4641","date":"17\/12\/2025","format":false,"excerpt":"Colocirque 2026 S\u00e9jour artistique & culturel \u2013 Arts du cirque \ud83d\udccd Boulazac-Isle-Manoire\ud83d\udcc5 Du 20 au 26 juillet 2026\ud83d\udc67\ud83e\uddd2 Jeunes de 8 \u00e0 15 ans Site internet : https:\/\/colocirque.fr Un s\u00e9jour pour cr\u00e9er, vivre et partager le cirque Colocirque est un s\u00e9jour artistique et culturel imagin\u00e9 par l\u2019\u00c9cole de Cirque de\u2026","rel":"","context":"Article similaire","block_context":{"text":"Article similaire","link":""},"img":{"alt_text":"","src":"https:\/\/i0.wp.com\/cirque24.fr\/wp-content\/uploads\/2026\/03\/Copie-de-Affiche-Centre-Aere-Enfants-Vert-et-Bleu-212x300.png?resize=350%2C200&ssl=1","width":350,"height":200},"classes":[]},{"id":201,"url":"https:\/\/cirque24.fr\/?page_id=201","url_meta":{"origin":290,"position":2},"title":"Presse et m\u00e9dias","author":"admin4641","date":"08\/09\/2017","format":false,"excerpt":"\u00a0La presse parle de l'\u00e9cole du cirque de P\u00e9rigueux \/ Boulazac. C'est un grand honneur pour nous. Merci \u00e0 eux de ne pas oublier les arts du cirque. Sur France 3, que nous remercions vivement pour leur soutien, un petit r\u00e9sum\u00e9 de notre travail avec les enfants... \u00a0","rel":"","context":"Article similaire","block_context":{"text":"Article similaire","link":""},"img":{"alt_text":"","src":"https:\/\/i0.wp.com\/cirque24.fr\/wp-content\/uploads\/2024\/07\/Capture-decran-2024-07-13-090622.png?fit=582%2C748&ssl=1&resize=350%2C200","width":350,"height":200,"srcset":"https:\/\/i0.wp.com\/cirque24.fr\/wp-content\/uploads\/2024\/07\/Capture-decran-2024-07-13-090622.png?fit=582%2C748&ssl=1&resize=350%2C200 1x, https:\/\/i0.wp.com\/cirque24.fr\/wp-content\/uploads\/2024\/07\/Capture-decran-2024-07-13-090622.png?fit=582%2C748&ssl=1&resize=525%2C300 1.5x"},"classes":[]},{"id":1869,"url":"https:\/\/cirque24.fr\/?page_id=1869","url_meta":{"origin":290,"position":3},"title":"Qui sommes nous ?","author":"admin4641","date":"03\/09\/2025","format":false,"excerpt":"L'\u00c9cole de Cirque de Boulazac est une association dirig\u00e9e par un Conseil d'Administration (CA). Cet organe central assure le bon fonctionnement de l'\u00e9cole et la coh\u00e9rence avec notre projet initial : rendre le cirque accessible \u00e0 tous. Les membres du CA sont \u00e9lus pour un mandat de trois ans par\u2026","rel":"","context":"Article similaire","block_context":{"text":"Article similaire","link":""},"img":{"alt_text":"","src":"","width":0,"height":0},"classes":[]},{"id":26,"url":"https:\/\/cirque24.fr\/?page_id=26","url_meta":{"origin":290,"position":4},"title":"L&rsquo;\u00e9cole","author":"admin4641","date":"09\/06\/2017","format":false,"excerpt":"\u00a0le chapiteau de l\u2019association est implant\u00e9 \u00e0 l\u2019espace chapiteau sur le site de la plaine Lamoura \u00e0 Boulazac. Cr\u00e9\u00e9e sur une zone mar\u00e9cageuse, la Plaine de Lamoura est un espace naturel de 18 ha qui accueille les amateurs de pique nique, de p\u00eache et depuis 2001 un espace est d\u00e9di\u00e9\u2026","rel":"","context":"Article similaire","block_context":{"text":"Article similaire","link":""},"img":{"alt_text":"","src":"https:\/\/i0.wp.com\/cirque24.fr\/wp-content\/uploads\/2024\/11\/IMG_20241127_132036-scaled.jpg?fit=900%2C1200&ssl=1&resize=350%2C200","width":350,"height":200,"srcset":"https:\/\/i0.wp.com\/cirque24.fr\/wp-content\/uploads\/2024\/11\/IMG_20241127_132036-scaled.jpg?fit=900%2C1200&ssl=1&resize=350%2C200 1x, https:\/\/i0.wp.com\/cirque24.fr\/wp-content\/uploads\/2024\/11\/IMG_20241127_132036-scaled.jpg?fit=900%2C1200&ssl=1&resize=525%2C300 1.5x, https:\/\/i0.wp.com\/cirque24.fr\/wp-content\/uploads\/2024\/11\/IMG_20241127_132036-scaled.jpg?fit=900%2C1200&ssl=1&resize=700%2C400 2x"},"classes":[]},{"id":71,"url":"https:\/\/cirque24.fr\/?page_id=71","url_meta":{"origin":290,"position":5},"title":"Contact","author":"admin4641","date":"10\/06\/2017","format":false,"excerpt":"\u00a0Pour prendre contact avec\u00a0l'\u00e9cole des arts du cirque de Boulazac, merci d'utiliser ce petit formulaire...","rel":"","context":"Article similaire","block_context":{"text":"Article similaire","link":""},"img":{"alt_text":"","src":"https:\/\/i0.wp.com\/cirque24.fr\/wp-content\/uploads\/2024\/07\/image-chapiteau3.jpg?fit=788%2C330&ssl=1&resize=350%2C200","width":350,"height":200,"srcset":"https:\/\/i0.wp.com\/cirque24.fr\/wp-content\/uploads\/2024\/07\/image-chapiteau3.jpg?fit=788%2C330&ssl=1&resize=350%2C200 1x, https:\/\/i0.wp.com\/cirque24.fr\/wp-content\/uploads\/2024\/07\/image-chapiteau3.jpg?fit=788%2C330&ssl=1&resize=525%2C300 1.5x, https:\/\/i0.wp.com\/cirque24.fr\/wp-content\/uploads\/2024\/07\/image-chapiteau3.jpg?fit=788%2C330&ssl=1&resize=700%2C400 2x"},"classes":[]}],"jetpack_sharing_enabled":true,"_links":{"self":[{"href":"https:\/\/cirque24.fr\/index.php?rest_route=\/wp\/v2\/pages\/290","targetHints":{"allow":["GET"]}}],"collection":[{"href":"https:\/\/cirque24.fr\/index.php?rest_route=\/wp\/v2\/pages"}],"about":[{"href":"https:\/\/cirque24.fr\/index.php?rest_route=\/wp\/v2\/types\/page"}],"author":[{"embeddable":true,"href":"https:\/\/cirque24.fr\/index.php?rest_route=\/wp\/v2\/users\/1"}],"replies":[{"embeddable":true,"href":"https:\/\/cirque24.fr\/index.php?rest_route=%2Fwp%2Fv2%2Fcomments&post=290"}],"version-history":[{"count":0,"href":"https:\/\/cirque24.fr\/index.php?rest_route=\/wp\/v2\/pages\/290\/revisions"}],"wp:attachment":[{"href":"https:\/\/cirque24.fr\/index.php?rest_route=%2Fwp%2Fv2%2Fmedia&parent=290"}],"curies":[{"name":"wp","href":"https:\/\/api.w.org\/{rel}","templated":true}]}}